/(1/(-27)). Let a = 23 + -14. Suppose -3*w + 4*i = -25, -2*w + a + 8 = -3*i. Calculate the highest common divisor of k and w.
7
Suppose -2*o + 72 = 3*f + 2*o, -3*f + 81 = o. Let z(u) = -u**3 + 28*u**2 + 14. Let i be z(f). What is the greatest common factor of i and 2?
2
Let c be (1/3)/((-11)/(-165)). Suppose -c*p + 2949 = -2536. Suppose -p = -5*n + 443. Calculate the highest common divisor of 28 and n.
28
Let d = -51 - -116. Suppose -4*q - 312 = -5*q. What is the greatest common factor of q and d?
13
Let y(l) = 83*l**2 - 627*l - 10. Let m be y(8). Let i(u) = -7*u + 1. Let v be i(-3). What is the highest common factor of m and v?
22
Let t(j) = 220*j**2 - 83*j - 457. Let k be t(-6). What is the highest common divisor of 76 and k?
19
Suppose -2*z = 13*w - 11*w + 266, w = -4*z - 127. Let u be (-14)/(-6)*w*2/(-3). Calculate the highest common factor of 84 and u.
42
Suppose 2*m = -4*l + 5*m + 2, -5*l - 2*m + 14 = 0. Let i be 745/25 + l/10. Calculate the highest common factor of i and 15.
15
Suppose -4*x - q = -0*x, 2*q = 0. Suppose 5*k + 16 - 146 = x. Suppose -5*j + 24 = -k. Calculate the highest common factor of 70 and j.
10
Let l = -16 + 30. Suppose -7*z = -l*z + 28. Suppose -100 = -5*g + j, z*g - 86 = -0*g + 2*j. What is the greatest common factor of 209 and g?
19
Let s(h) = -4*h**2 + 4*h + 58. Let u(b) = 3*b**2 - 4*b - 60. Let x(m) = 2*s(m) + 3*u(m). Let j be x(11). What is the greatest common divisor of 533 and j?
13
Let v(c) = c - 4. Let m be v(-12). Let q be 4/m*-332 - 3. Calculate the highest common factor of 10 and q.
10
Let h(s) = 5*s + 164. Let r(n) = 5*n + 83. Let k be r(-11). Let f be h(k). What is the greatest common divisor of f and 19?
19
Let s = -1740 + 1752. What is the highest common factor of s and 344?
4
Let c(x) = x**3 + 8*x**2 - 25*x - 188. Let y be c(-7). Let d = 6 - 4. Suppose -g + d*g = 12. What is the highest common divisor of g and y?
12
Suppose -18*g = -19*g + 2. Let w be g/(-7) - (-2040)/84. Calculate the highest common factor of w and 84.
12
Let o be (402 - (-41)/1) + (-12 + 0)/2. What is the greatest common factor of o and 152?
19
Let q = 16446 + -11567. Calculate the highest common divisor of 14 and q.
7
Suppose 4*m - 5*o = 7*m + 104, m - 5*o + 28 = 0. Let u(a) = -2*a - 52. Let g be u(m). What is the highest common factor of 119 and g?
7
Let s = 19 - 7. Suppose 3*g = 3*b + 15, 3*b - g = -22 + 11. Let k be -8 + (-2840)/(-64) + b/8. Calculate the highest common divisor of k and s.
12
Suppose 581 = 4*h - 203. Suppose -h = -3*d - 64. Calculate the greatest common factor of 396 and d.
44
Let a be -51 - -50 - (4 + (-40 - -2)). What is the highest common divisor of 957 and a?
33
Let j(w) = -w**3 + 29*w**2 + 29*w + 38. Let f be j(30). Suppose -11*b = -2*v - 9*b + 96, -v = 2*b - 48. Calculate the greatest common factor of v and f.
8
Let t = 8345 + -7571. Calculate the highest common factor of t and 36.
18
Suppose c - 77 + 35 = 0. Suppose -33*z = -c*z + 2178. What is the highest common factor of 110 and z?
22
Let k = 617 + -330. Let u be 44 - (((-255)/(-75) - 1) + 9/15). Calculate the greatest common divisor of k and u.
41
Suppose -3*w = -7 - 17. Suppose -x = -w + 4. Suppose -37 = 11*i - 345. What is the greatest common factor of x and i?
4
Suppose -396*y + 41990 = -149*y. Calculate the highest common factor of y and 459.
17
Let i be 3 - 3*1*9/(-27). Suppose i*d - 436 = 3*n + 308, 0 = -2*d - 2*n + 386. What is the greatest common factor of 21 and d?
21
Let z be 8 - 280/36 - (-2990)/(-9). Let j = z - -350. What is the greatest common factor of j and 24?
6
Suppose -71*n + 227458 = -17*n - 5*n. What is the greatest common divisor of n and 33?
11
Let m = -194 - -194. Suppose -13*p + 403 + 507 = m. What is the greatest common divisor of 35 and p?
35
Let d = -123 + 62. Let x = d + 65. Suppose x*k = k - 4*m + 62, -4*m + 10 = k. Calculate the highest common divisor of k and 286.
26
Let s be 180/(-45) - 57*-2. What is the highest common divisor of 550 and s?
110
Suppose 7 = -3*m + 6*m - f, -4*f = 5*m - 40. Suppose 56 = -m*a - 0*p + 2*p, 4*a + 56 = -2*p. Let u = 28 + a. What is the highest common divisor of 56 and u?
14
Let r = 90 - -228. Let p = 381 - r. What is the greatest common factor of p and 14?
7
Let i = 20 - 12. Let s = 25 - i. Let c be (5 + 6/9)*(-32 + 35). What is the greatest common factor of s and c?
17
Suppose 267*u - 263*u - n = 60, 2*u + 5*n = 8. Let c be -1 - (-2 - 0)/1. Let i be (-1)/(-2)*c*28. Calculate the highest common factor of i and u.
14
Suppose 5*b + 5*m - 799 - 601 = 0, 3*b = -4*m + 845. Calculate the greatest common divisor of b and 675.
25
Let v(i) = -2*i + 5. Let t be v(-6). Suppose 11*y + 5*y = 4352. What is the greatest common divisor of y and t?
17
Let z be 16/(-72) + -8*(-68)/18. Let h(o) = 2*o**2 - 3*o + 13. Let q be h(6). Let k = 157 - q. What is the highest common factor of z and k?
30
Let x be (0 - 16/(-1))*-1. Let g(r) = -18*r + 748. Let t be g(38). Let v = x + t. What is the greatest common divisor of v and 6?
6
Let g(n) = -37*n - 2562. Let s be g(-70). What is the highest common divisor of 36 and s?
4
Let g(q) = -q**3 + 57*q**2 - 78*q - 104. Let j be g(55). What is the highest common factor of 108 and j?
36
Let p(o) = 6*o + 4 + 9 + 0. Let n be p(3). Let a = n + -19. What is the highest common factor of a and 60?
12
Let j = 57 + -57. Suppose 11*c - 77 - 715 = j. Let l be (-1 - 0/1) + 49. Calculate the highest common factor of l and c.
24
Let i(f) = -f**2 + 2*f + 3. Let t be i(3). Suppose 6*b - 4*b + 6 = t, d - 5*b - 19 = 0. Let g = 7 + 9. What is the greatest common factor of d and g?
4
Let n(a) = 74*a - 1623. Let u be n(33). What is the greatest common divisor of 63 and u?
63
Let i = 216 - 200. Suppose -10 = -5*o - 2*f - f, -3*f = -4*o + 35. Let w be (i/o)/(12/240). Calculate the highest common factor of 48 and w.
16
Let f(z) = 4*z**2 - 5*z - 33. Let v be ((-63)/(-36))/(1/(-4)). Let d be f(v). Calculate the greatest common divisor of 44 and d.
22
Let c(b) = 20*b + 792. Let y be c(-29). What is the highest common factor of y and 689?
53
Suppose 0 = 4*o - 2*d - 3021 - 3183, 3*d = -2*o + 3126. Calculate the highest common divisor of 148 and o.
74
Suppose -56392 = -168*k + 115*k. Calculate the highest common divisor of 56 and k.
56
Suppose -6 = 9*o - 78. Suppose 0 = -2*c - o, 17 = -5*p + c - 9. Let g be (-4)/p*117/26. What is the highest common factor of 2 and g?
1
Let r be 300/(-16)*12/30*-98. Suppose -15*b = -8*b - r. What is the greatest common divisor of 140 and b?
35
Let j = -7902 + 8550. Calculate the greatest common factor of 224 and j.
8
Let k = -25212 + 50637. What is the highest common divisor of k and 225?
225
Let a(q) = 512*q - 285*q + 4 - 297*q. Let n be a(-2). Calculate the greatest common divisor of n and 16.
16
Let i be (-2 + -1688 - -1)*(-39 + 30) + 3. Calculate the highest common divisor of 24 and i.
12
Let x = 225 - 225. Suppose x*l + 52 = 2*l. Let j = 59 + 6. Calculate the highest common factor of l and j.
13
Let n(f) = -10*f + 204. Let m be n(19). Let z be 7 + (m - (7 - 1)). What is the greatest common factor of 3 and z?
3
Let t(z) = 21*z**3 - 13*z**2 + 21*z + 4. Let u be t(2). What is the greatest common divisor of u and 66?
6
Suppose 76*b - 3864 = 30*b. Calculate the greatest common divisor of b and 2940.
84
Suppose 6*w + 45 = -3*w. Let m be 18/(-3) - w - -52. Let p(l) = -l + 17. Let h be p(0). Calculate the highest common factor of h and m.
17
Suppose 0 = 2*g + 5*z - 510, 840 = 3*g + 119*z - 124*z. What is the highest common divisor of 910 and g?
10
Let p = 270 - 82. Suppose 5*g + p = r, 3*r = -0*r + 5*g + 584. Let n be 22 - 2 - -3*6/(-9). Calculate the greatest common divisor of r and n.
18
Let c(n) = -1227*n - 8577. Let q be c(-7). Let w = -3 - -9. Let m be (-2*w)/((-2)/3). Calculate the greatest common divisor of q and m.
6
Suppose 28 = -20*b - 572. Let g be (-5)/(4/(2016/b)). Calculate the highest common divisor of 42 and g.
42
Let j = 2383 + -1602. What is the greatest common factor of j and 355?
71
Suppose 0 = -405*p + 1040099 + 476221. Calculate the greatest common factor of p and 585.
117
Let z be 1/6 - (26536/(-48) + -3). Suppose 3*t + 4*l - 833 = 0, -t - 3*l = t - z. What is the greatest common factor of 33 and t?
11
Let g be (-4 - (-1 + -1)) + -3 - (-506 - 0). 